82, -5*r + 5*f = -15725. Suppose -14*g + r = -2486. What is the units digit of g?
2
Suppose 7*u = -3*u - 610. Let p = -59 - u. Suppose 3*o = p*j - 125, 4*o + 30 - 10 = 0. What is the units digit of j?
5
Let v = 43 + -49. Let o be ((-14)/v)/(2/24*2). Suppose -7*l = o - 371. What is the tens digit of l?
5
Suppose -2*s + 3*v + 3 = 0, -s + v + 5 = 3*v. Let z(j) = 2*j**2 - 8*j + 13. Let f be z(s). Suppose -f*u + 51 = -6*u. What is the tens digit of u?
5
Let w(c) = 5*c**2 - 11*c + 4. Suppose 0 = 4*s - j + 33 + 28, 5*j - 95 = 5*s. Let r(y) = 2*y**2 + 26*y - 21. Let u be r(s). What is the units digit of w(u)?
2
Suppose -3*n + 165 + 6699 = -2*k, 30 = -5*k. What is the tens digit of n?
8
Let d = -30746 - -55418. What is the hundreds digit of d?
6
Suppose -6275 = -8*x + 3421. What is the units digit of x?
2
What is the tens digit of 4*(-27)/(-36)*7036/3?
3
Suppose 52*p - 44*p - 112 = 0. Suppose 0 = -p*l + 26*l - 11412. What is the units digit of l?
1
Suppose -225*q + j - 242210 = -229*q, -4*q + 3*j + 242186 = 0. What is the tens digit of q?
5
Let x be 243/(-7) - 10/105*3. Let h = -11 - x. What is the tens digit of 1811/9 - h/108?
0
Suppose 2*n - 14550 = -14*c + 19*c, -n - 5*c = -7245. What is the thousands digit of n?
7
Let l(u) = u - 4. Let a be l(7). Suppose -z + 5*z - a*w - 23 = 0, -3*z - 4 = 2*w. Suppose -3*p + 45 = -z*p. What is the units digit of p?
5
Let v(o) = o**3 - 11*o**2 + 4*o - 19. Let f be v(9). Let b = f - -265. Suppose -2*g + b = 4. What is the units digit of g?
8
Let p(n) = -5*n**2 - 43*n - 12. Let c be p(-8). What is the units digit of c/2 + (-1452)/(-4)?
9
Let y be 2 + (-1)/(2/(-6)). Let s be (4 + -8)*(-9)/18. Suppose 0 = -s*d - 3*b + 63, 4*b = y*d + b - 168. What is the tens digit of d?
3
Suppose 19*a - 11*a - 37000 = 0. Suppose -5*p + a = o, -3*p - 2762 = -6*p + 2*o. What is the hundreds digit of p?
9
Suppose -73*b = -51*b - 114752. What is the hundreds digit of b?
2
Let w(n) = 4*n + 46. Let t be w(-9). Suppose -7*s = -t*s + 1827. What is the hundreds digit of s?
6
Suppose 38*t = 40*t + 32. What is the tens digit of ((-36)/t)/((36/(-80))/(-3))?
1
Suppose -138 = -34*g - 345 + 1091. Let d(r) = -r + 26*r**2 + 24 - r**3 + 7*r - 3*r. What is the units digit of d(g)?
2
What is the ten thousands digit of 108567/(-2)*(-22)/66*2?
3
Let n = -15718 - -70793. What is the ten thousands digit of n?
5
Suppose -3*g - 14484 = -5*m + 5293, 2*m + g - 7913 = 0. Suppose -10*h + 624 = -m. What is the tens digit of h?
5
Let b(f) = -f**2 + 10*f + 14. Let a be b(11). Let q = 4 + -2. What is the tens digit of (-10)/6*(-5 - q)*a?
3
Suppose -193*c + 301517 = -1036359. What is the tens digit of c?
3
Let y = -44 + 50. Let h(k) = -k**3 + 6*k**2 - k + 4. Let i be h(y). What is the units digit of i/(-4)*(-1 - -157)?
8
Let r(j) = -3*j - 11. Let x(b) = 8*b - 21. Let m be x(5). Suppose m*g + 210 = 4*g. What is the units digit of r(g)?
1
Let q(z) = z**3 + 10*z**2 - 3*z - 8. Let w(m) = 5*m + 7. Let i be w(-1). Suppose t + 7 = -i*l - 10, -t = -l - 13. What is the tens digit of q(l)?
2
Let n(c) = -146*c - 150*c + 5 + 0 + 3 + 299*c. Let l(i) = 7*i - 3. Let d be l(3). What is the units digit of n(d)?
2
Suppose -3*n - 223*o + 227*o + 53182 = 0, 5*n = 2*o + 88646. What is the units digit of n?
0
What is the thousands digit of (-1)/25 - 1261596/(-525)?
2
Suppose -5*s + 2*d - 52 = 0, 12 = -3*s - d - 28. Let l be 4 + (s - -5) + 1. What is the hundreds digit of (-5)/10*(536/l + -2)?
1
Let t(i) = 8*i**2 + 14*i + 59. What is the units digit of t(-5)?
9
Let w(i) = -273*i + 53. Let y(m) = m**3 - 5*m**2 - 38. Let l be y(6). What is the tens digit of w(l)?
9
Suppose 3*d - 17910 = -10*d - 5118. What is the hundreds digit of d?
9
Let f be 10/((-1)/((-4)/4)). Suppose -43*n + 41*n = -f. Suppose 3 = u, 167 = n*c - 2*u - 162. What is the tens digit of c?
6
Let v(k) = -k**3 + 8*k**2 - 8*k + 11. Let w be v(5). Let q = w + -22. Let d = q + 17. What is the units digit of d?
1
Suppose 5*q - 2940 = 4*k - 459, 0 = -3*k + 3. Let r = -202 + q. What is the units digit of r?
5
Let i = 1169 + -389. What is the hundreds digit of i?
7
Let d(v) = 23*v - 14. Let f = -58 + 66. Let q be d(f). Suppose -g + 6*g = 5*l - q, 5*g - 25 = 0. What is the units digit of l?
9
Suppose 3*o = -3*j - 6, 5*o - 4*j + 10 = -5*j. Suppose 0 = 2*k + 2. What is the tens digit of ((-1)/o)/(k/(-124))?
6
Let c(u) = 643*u**2 - 189*u - 1362. What is the thousands digit of c(-8)?
1
Let s(p) = 6*p - 30. Let l be s(7). What is the units digit of l/(-6) + -7 + 70?
1
Let k = 856 + -203. What is the units digit of (8 - k)*(-1)/3?
5
Let s = -30884 - -52568. What is the thousands digit of s?
1
Let f(v) = -4*v + 10. Let l be f(5). What is the tens digit of ((-2902)/l - -1) + 40/50?
9
Let y(q) be the third derivative of -1529*q**4/24 - 8*q**3 - 36*q**2 - q. What is the units digit of y(-1)?
1
Suppose -21*b = -47*b - 37624 + 175554. What is the tens digit of b?
0
Suppose -256*v + 257*v - 4*d - 11374 = 0, 3*v - 34052 = 2*d. What is the hundreds digit of v?
3
Let z be 0/(2/(-4)*2). Let a(d) = -10*d + 263. Let n be a(26). Suppose z = -n*c + 5*c - 10. What is the units digit of c?
5
Suppose -9*b = -2009 - 592. Let i = 444 - b. What is the units digit of i?
5
Suppose 5*p - 112298 = -c, 32*p - c = 35*p - 67376. What is the thousands digit of p?
2
Let z(k) = -7*k**2 + 34*k + 21. Let d be z(9). Let o = d + 773. What is the units digit of o?
3
Let m(i) = 59*i - 30*i - 5*i**3 + 10 + 2*i**3 - 14*i**2 - 13*i. What is the tens digit of m(-7)?
4
What is the thousands digit of ((-6)/2 + 0)/(3 + (-5070)/1689)?
1
Let z(q) = -2*q**3 + 10*q**2 + 11*q - 100. What is the tens digit of z(-19)?
1
Let s(i) = -961*i + 16. Let j(y) = -4809*y + 81. Let g(n) = -2*j(n) + 11*s(n). What is the tens digit of g(-1)?
6
Let v = -31 + 106. Let k(l) = 17*l**2 - v*l + 5 + 35*l + 31*l. What is the units digit of k(2)?
5
Suppose 8*u - 33733 - 116787 = 0. What is the hundreds digit of u?
8
Let m(w) = 8*w + 25. Let x be m(-10). Let c = x - -61. What is the tens digit of (604/c)/(14/21)?
5
Let a(k) = -2*k - 73. Let b be a(-38). Suppose -x + 4*w = -472, 6*w - b*w = x - 475. What is the units digit of x?
4
Let a(p) = 9*p**2 - 320*p + 30. Let z be a(36). Suppose 3*g + 5 = -19. What is the hundreds digit of (z/g)/(12/(-80))?
1
Suppose -2*h - 50 = -2*b, 3*h = 2*b + 2*h - 50. Suppose 18*c - 13*c + b = 0, -c = -2*l + 537. What is the units digit of l?
6
Let f(b) = b**2 + 2*b**2 + 9*b - 15*b**2 + b**3 + 8 - 2*b**3. What is the tens digit of f(-14)?
7
Suppose 1134208 = -l + 16*l + 17*l. What is the units digit of l?
4
Suppose 3*r = -57 + 3. Let v = 15 + r. What is the tens digit of -2 + (-2 + 39 - 0) + v?
3
Let d(f) = -157*f + 33. Let s(v) = -v**3 + 15*v**2 - 12*v - 32. Let u be s(14). What is the tens digit of d(u)?
6
Let d(r) = r**3 + 9*r**2 + 14*r + 4. Let v be d(-7). Let h be ((-2)/6 + v)*(3 - 0). Suppose -1355 = -16*p + h*p. What is the units digit of p?
1
Suppose -410*s + 361*s = -3779958. What is the units digit of s?
2
Suppose -8*c + 75 = -5*c. Let n = -46 + c. What is the units digit of (((-28)/n)/1)/(2/330)?
0
Let a = 31966 - 4852. What is the tens digit of a?
1
What is the ten thousands digit of ((-103612)/(-4))/(-52 - -53)?
2
Let a(u) = -24*u**3 + 2*u**2 - 24*u - 12. What is the hundreds digit of a(-6)?
3
Let q(s) be the second derivative of -s**5/20 + 2*s**4 + 35*s**3/6 - 41*s**2/2 - 10*s + 5. What is the units digit of q(25)?
9
What is the thousands digit of 6 + (16 - 13) - -3317?
3
Let y = -41 + 41. Suppose w = -y + 7. Suppose w*d - 4*d - 162 = 0. What is the units digit of d?
4
Let r(h) = -3*h**3 - 86*h**2 - 689*h + 35. What is the hundreds digit of r(-26)?
5
Let b = -261 - -147. What is the tens digit of (-1)/((-3*3/b)/(-6))?
7
Let c = -119 - -118. Let h be (1 - c) + 888/4. Suppose -2*m + 44 = -h. What is the hundreds digit of m?
1
Suppose 0 = -3*n - r + 1257, -2*n - 9*r = -11*r - 830. Suppose -3*t + 1367 + n = 0. What is the units digit of t?
5
Suppose -2*a + 22 = 4*q, -5*a + 3*q + q = -97. Suppose 14 - a = -u. Suppose 374 = u*c - j, 2*c - c = -3*j + 108. What is the hundreds digit of c?
1
Let q be (-377)/116*(-568)/2. Let j = q - -22. What is the tens digit of j?
4
Suppose 15*a = 11*a - 2*a + 310374. What is the hundreds digit of a?
7
Suppose 1379 + 505 = 4*k. Let t = k + -2